{"id":3517,"date":"2017-10-24T12:41:10","date_gmt":"2017-10-24T09:41:10","guid":{"rendered":"http:\/\/aalto.edge-themes.com\/?page_id=5"},"modified":"2021-10-04T11:46:07","modified_gmt":"2021-10-04T08:46:07","slug":"anasayfa","status":"publish","type":"page","link":"https:\/\/www.dogancam.com\/","title":{"rendered":"Anasayfa"},"content":{"rendered":"<p>[vc_row row_content_width=&#8221;grid&#8221; css=&#8221;.vc_custom_1511525133918{padding-top: 100px !important;padding-bottom: 59px !important;}&#8221;][vc_column offset=&#8221;vc_col-lg-4 vc_col-md-12 vc_col-xs-12&#8243;]<div class=\"edgtf-parallax-holder\" data-parallax=\"{&quot;y&quot;: -70, &quot;smoothness&quot;: 20}\"><div class=\"edgtf-single-image-holder  edgtf-has-shadow \">\n    <div class=\"edgtf-si-inner\" >\n                                    <img loading=\"lazy\" decoding=\"async\" width=\"600\" height=\"450\" src=\"https:\/\/www.dogancam.com\/wp-content\/uploads\/2021\/09\/dogan-cam-uygulama-32.jpg\" class=\"attachment-full size-full\" alt=\"\" srcset=\"https:\/\/www.dogancam.com\/wp-content\/uploads\/2021\/09\/dogan-cam-uygulama-32.jpg 600w, https:\/\/www.dogancam.com\/wp-content\/uploads\/2021\/09\/dogan-cam-uygulama-32-300x225.jpg 300w\" sizes=\"auto, (max-width: 600px) 100vw, 600px\" \/>                        <\/div>\n<\/div><\/div>[\/vc_column][vc_column offset=&#8221;vc_col-lg-8 vc_col-md-12 vc_col-xs-12&#8243;]<div class=\"edgtf-elements-holder   edgtf-one-column  edgtf-responsive-mode-768 \" ><div class=\"edgtf-eh-item    \"  data-item-class=\"edgtf-eh-custom-9520\" data-680=\"72px 0% 0 0%\">\n\t<div class=\"edgtf-eh-item-inner\">\n\t\t<div class=\"edgtf-eh-item-content edgtf-eh-custom-9520\" style=\"padding: 72px 0% 0 4%\">\n\t\t\t<div class=\"edgtf-link-section-holder edgtf-appear-fx\">\n    <div class=\"edgtf-link-section-title-holder\">\n        <h2 class=\"edgtf-link-section-title\" style=\"color:#202020\">\n    \t\tSize en<br \/> uygun cam\u0131 bulun        <\/h2>\n    <\/div>\n            <div class=\"edgtf-single-link-section-holder\">\n                            <a href=\"https:\/\/www.dogancambodrum.com.tr\/category\/dis-mekana-gore\/\" class=\"edgtf-link-section\" >\n                    <div class=\"edgtf-single-link-title-holder\">\n                        <h5 class=\"edgtf-single-link-title\" style=\"color:#202020\">\n                            D\u0131\u015f Mekana G\u00f6re                        <\/h5>\n                    <\/div>\n                <\/a>\n                    <\/div>\n            <div class=\"edgtf-single-link-section-holder\">\n                            <a href=\"https:\/\/www.dogancambodrum.com.tr\/category\/ic-mekana-gore\/\" class=\"edgtf-link-section\" >\n                    <div class=\"edgtf-single-link-title-holder\">\n                        <h5 class=\"edgtf-single-link-title\" style=\"color:#202020\">\n                            \u0130\u00e7 Mekana G\u00f6re                        <\/h5>\n                    <\/div>\n                <\/a>\n                    <\/div>\n            <div class=\"edgtf-single-link-section-holder\">\n                            <a href=\"https:\/\/www.dogancambodrum.com.tr\/category\/fonksiyona-gore\/\" class=\"edgtf-link-section\" >\n                    <div class=\"edgtf-single-link-title-holder\">\n                        <h5 class=\"edgtf-single-link-title\" style=\"color:#202020\">\n                            Fonksiyona G\u00f6re                        <\/h5>\n                    <\/div>\n                <\/a>\n                    <\/div>\n    <\/div>\t\t<\/div>\n\t<\/div>\n<\/div><\/div>[\/vc_column][\/vc_row][vc_row row_content_width=&#8221;grid&#8221; disable_background_image=&#8221;&#8221; content_text_aligment=&#8221;right&#8221; simple_background_image=&#8221;50&#8243; css=&#8221;.vc_custom_1510323264024{margin-top: 40px !important;margin-bottom: 40px !important;}&#8221;][vc_column offset=&#8221;vc_col-lg-5 vc_col-md-12 vc_col-xs-12&#8243;]<div class=\"edgtf-elements-holder   edgtf-one-column  edgtf-responsive-mode-768 \" ><div class=\"edgtf-eh-item   edgtf-horizontal-alignment-right \"  data-item-class=\"edgtf-eh-custom-6809\" data-1024-1280=\"54px 5% 0px 0%\" data-768-1024=\"45px 17% 109px 25%\" data-680-768=\"45px 8% 109px 25%\" data-680=\"45px 0% 108px 6%\">\n\t<div class=\"edgtf-eh-item-inner\">\n\t\t<div class=\"edgtf-eh-item-content edgtf-eh-custom-6809\" style=\"padding: 72px 17% 0px 7%\">\n\t\t\t[vc_column_text]<\/p>\n<h3>DO\u011eAN CAM<\/h3>\n<p>[\/vc_column_text][vc_column_text css=&#8221;.vc_custom_1632227094065{margin-top: -10px !important;}&#8221;]1991 y\u0131l\u0131nda Bodrum&#8217;da kurulan Do\u011fan Cam, 1500 metrekarelik bir alanda faaliyet g\u00f6stermektedir.[\/vc_column_text][vc_empty_space height=&#8221;35px&#8221;]<a itemprop=\"url\" href=\"https:\/\/www.dogancambodrum.com.tr\/hakkimizda\/\" target=\"_self\" style=\"color: #000000;background-color: #ffffff\" class=\"edgtf-btn edgtf-btn-medium edgtf-btn-solid edgtf-btn-with-crosshair\"  >\n                        <span class=\"edgtf-btn-lines edgtf-line-1\" style=\"background-color: #999\"><\/span>\n                    <span class=\"edgtf-btn-lines edgtf-line-2\" style=\"background-color: #999\"><\/span>\n                    <span class=\"edgtf-btn-lines edgtf-line-3\" style=\"background-color: #999\"><\/span>\n                    <span class=\"edgtf-btn-lines edgtf-line-4\" style=\"background-color: #999\"><\/span>\n                    <span class=\"edgtf-btn-text\">Ayr\u0131nt\u0131<\/span>\n                <\/a>\t\t<\/div>\n\t<\/div>\n<\/div><\/div>[\/vc_column][vc_column css=&#8221;.vc_custom_1511255202935{margin-top: -40px !important;margin-bottom: -40px !important;}&#8221; offset=&#8221;vc_col-lg-7 vc_col-md-12 vc_col-xs-12&#8243;]<div class=\"edgtf-video-button-holder \">\n\t<div class=\"edgtf-video-button-image\">\n\t\t<img loading=\"lazy\" decoding=\"async\" width=\"1440\" height=\"820\" src=\"https:\/\/www.dogancam.com\/wp-content\/uploads\/2021\/09\/kapak.jpg\" class=\"attachment-full size-full\" alt=\"\" srcset=\"https:\/\/www.dogancam.com\/wp-content\/uploads\/2021\/09\/kapak.jpg 1440w, https:\/\/www.dogancam.com\/wp-content\/uploads\/2021\/09\/kapak-600x342.jpg 600w, https:\/\/www.dogancam.com\/wp-content\/uploads\/2021\/09\/kapak-300x171.jpg 300w, https:\/\/www.dogancam.com\/wp-content\/uploads\/2021\/09\/kapak-1024x583.jpg 1024w, https:\/\/www.dogancam.com\/wp-content\/uploads\/2021\/09\/kapak-768x437.jpg 768w\" sizes=\"auto, (max-width: 1440px) 100vw, 1440px\" \/>\t<\/div>\n\t\t\t<a class=\"edgtf-video-button-play\" style=\"color: #ffffff;font-size: 83px\" href=\"https:\/\/youtu.be\/kwDKojzHv1U\" target=\"_self\" data-rel=\"prettyPhoto[video_button_pretty_photo_213]\">\n\t\t\t<span class=\"edgtf-video-button-play-inner\">\n\t\t\t\t<span class=\"arrow_triangle-right_alt2\"><\/span>\n\t\t\t<\/span>\n\t\t<\/a>\n\t<\/div>[\/vc_column][\/vc_row][vc_row css=&#8221;.vc_custom_1632228530540{padding-top: 35px !important;padding-bottom: 35px !important;}&#8221;][vc_column]<div class=\"edgtf-section-title-holder  edgtf-st-vertical-lines  edgtf-st-position-left edgtf-appear-fx\" >\n\t        <span class=\"edgtf-st-vertical-top\" style=\"background-color: #8f8f8f\"><\/span>\n\t\t<div class=\"edgtf-st-inner\">\n                    <div class=\"edgtf-st-title-holder\">\n                <h2 class=\"edgtf-st-title\" style=\"color: #202020\">\n                    Uygulamalar                <\/h2>\n            <\/div>\n\t\t\t\t            <div class=\"edgtf-st-text-holder\">\n    \t\t\t<h6 class=\"edgtf-st-text\" style=\"color: #000000;margin-top: 1px\">\n    \t\t\t\tBurada baz\u0131 uygulama \u00f6rneklerimizi g\u00f6rebilirsiniz.    \t\t\t<\/h6>\n            <\/div>\n\t\t\t<\/div>\n            <span class=\"edgtf-st-vertical-bottom\" style=\"background-color: #8f8f8f\"><\/span>\n    <\/div>[\/vc_column][\/vc_row][vc_row row_content_width=&#8221;grid&#8221; css=&#8221;.vc_custom_1632228651832{padding-bottom: 20px !important;}&#8221;][vc_column][vc_masonry_media_grid grid_id=&#8221;vc_gid:1633336885851-e865d93a-a481-9&#8243; include=&#8221;3879,3878,3877,3876,3875,3874,3873,3872,3871&#8243;][vc_separator border_width=&#8221;3&#8243; css=&#8221;.vc_custom_1632228291511{padding-top: 30px !important;padding-bottom: 30px !important;}&#8221;][vc_btn title=&#8221;Di\u011fer Uygulamalar&#8221; color=&#8221;danger&#8221; align=&#8221;center&#8221; link=&#8221;url:https%3A%2F%2Fwww.dogancambodrum.com.tr%2Fuygulamalar%2F&#8221;][\/vc_column][\/vc_row][vc_row row_content_width=&#8221;grid&#8221; css=&#8221;.vc_custom_1632228580725{padding-top: 20px !important;padding-bottom: 20px !important;}&#8221;][vc_column]<div class=\"edgtf-section-title-holder  edgtf-st-vertical-lines  edgtf-st-position-left edgtf-appear-fx\" >\n\t        <span class=\"edgtf-st-vertical-top\" style=\"background-color: #8f8f8f\"><\/span>\n\t\t<div class=\"edgtf-st-inner\">\n                    <div class=\"edgtf-st-title-holder\">\n                <h2 class=\"edgtf-st-title\" style=\"color: #202020\">\n                    \u00dcR\u00dcN KATEGOR\u0130LER\u0130                <\/h2>\n            <\/div>\n\t\t\t\t            <div class=\"edgtf-st-text-holder\">\n    \t\t\t<h6 class=\"edgtf-st-text\" style=\"color: #000000;margin-top: 1px\">\n    \t\t\t\tDo\u011fan Cam, eviniz ya da i\u015fyeriniz i\u00e7in ihtiyac\u0131n\u0131z olan d\u00fczcam portf\u00f6y\u00fc ile hizmetinizdedir.    \t\t\t<\/h6>\n            <\/div>\n\t\t\t<\/div>\n            <span class=\"edgtf-st-vertical-bottom\" style=\"background-color: #8f8f8f\"><\/span>\n    <\/div>[vc_empty_space height=&#8221;30px&#8221;][\/vc_column][\/vc_row][vc_row][vc_column width=&#8221;1\/3&#8243;][vc_single_image image=&#8221;4226&#8243; img_size=&#8221;large&#8221; alignment=&#8221;center&#8221; onclick=&#8221;custom_link&#8221; link=&#8221;https:\/\/www.dogancambodrum.com.tr\/category\/dis-mekana-gore\/&#8221;][\/vc_column][vc_column width=&#8221;1\/3&#8243;][vc_single_image image=&#8221;4227&#8243; img_size=&#8221;large&#8221; alignment=&#8221;center&#8221; onclick=&#8221;custom_link&#8221; link=&#8221;https:\/\/www.dogancambodrum.com.tr\/category\/fonksiyona-gore\/&#8221;][\/vc_column][vc_column width=&#8221;1\/3&#8243;][vc_single_image image=&#8221;4225&#8243; img_size=&#8221;large&#8221; alignment=&#8221;center&#8221; onclick=&#8221;custom_link&#8221; link=&#8221;https:\/\/www.dogancambodrum.com.tr\/category\/ic-mekana-gore\/&#8221;][\/vc_column][\/vc_row][vc_row][vc_column][vc_empty_space height=&#8221;45px&#8221;][\/vc_column][\/vc_row][vc_row][vc_column]<div class=\"edgtf-section-title-holder  edgtf-st-vertical-lines  edgtf-st-position-left edgtf-appear-fx\" >\n\t        <span class=\"edgtf-st-vertical-top\" style=\"background-color: #8f8f8f\"><\/span>\n\t\t<div class=\"edgtf-st-inner\">\n                    <div class=\"edgtf-st-title-holder\">\n                <h2 class=\"edgtf-st-title\" style=\"color: #202020\">\n                    S\u0131k\u00e7a Sorulan Sorular                <\/h2>\n            <\/div>\n\t\t\t\t\t<\/div>\n            <span class=\"edgtf-st-vertical-bottom\" style=\"background-color: #8f8f8f\"><\/span>\n    <\/div><div class=\"edgtf-accordion-holder edgtf-ac-default  edgtf-toggle edgtf-in-grid  clearfix\">\n\t<h4 class=\"edgtf-accordion-title\">\n\t<span class=\"edgtf-accordion-width\">\n\t\t<span class=\"edgtf-tab-title\">\u015ei\u015fecam Ultra Clear D\u00fczcam\u2019\u0131n standart d\u00fczcam\u2018dan fark\u0131 nedir?<\/span>\n\t\t<span class=\"edgtf-accordion-mark\">\n\t\t\t<span class=\"edgtf_icon_plus lnr lnr-cross\"><\/span>\n\t\t<\/span>\n\t<\/span>\n<\/h4>\n<div class=\"edgtf-accordion-content\">\n\t<div class=\"edgtf-accordion-content-inner\">\n\t\t<div class=\"edgtf-accordion-width\">\n\t\t\t[vc_column_text]Demir oran\u0131 d\u00fc\u015f\u00fcr\u00fclm\u00fc\u015f demir harman\u0131 ile kesitinden bak\u0131ld\u0131\u011f\u0131nda standart d\u00fczcam\u0131n ye\u015filimsi rengi tamamen kaybolmaktad\u0131r. Y\u00fcksek \u0131\u015f\u0131k ge\u00e7irgenli\u011fi ve \u015feffafl\u0131\u011f\u0131 ile cam yokmu\u015f hissi verir.[\/vc_column_text]\t\t<\/div>\n\t<\/div>\n<\/div><h4 class=\"edgtf-accordion-title\">\n\t<span class=\"edgtf-accordion-width\">\n\t\t<span class=\"edgtf-tab-title\">Cam ile \u0131s\u0131 yal\u0131t\u0131m\u0131 nas\u0131l sa\u011flan\u0131r?<\/span>\n\t\t<span class=\"edgtf-accordion-mark\">\n\t\t\t<span class=\"edgtf_icon_plus lnr lnr-cross\"><\/span>\n\t\t<\/span>\n\t<\/span>\n<\/h4>\n<div class=\"edgtf-accordion-content\">\n\t<div class=\"edgtf-accordion-content-inner\">\n\t\t<div class=\"edgtf-accordion-width\">\n\t\t\t[vc_column_text]Pencere camlar\u0131n\u0131n tek cam olarak kullan\u0131lmas\u0131 durumunda, k\u0131\u015f\u0131n bina i\u00e7inden d\u0131\u015far\u0131ya \u00f6nemli boyutta \u0131s\u0131 ka\u00e7\u0131\u015f\u0131 olmaktad\u0131r.<\/p>\n<p>Tek cam\u0131n yal\u0131t\u0131m a\u00e7\u0131s\u0131ndan yaratt\u0131\u011f\u0131 olumsuzlu\u011fu gidermek amac\u0131yla \u00e7ift cam geli\u015ftirilmi\u015ftir. Yal\u0131t\u0131m cam\u0131 alan\u0131nda \u00e7ift cam uygulamas\u0131 \u00fclkemizde \u015ei\u015fecam D\u00fczcam \u00f6nc\u00fcl\u00fc\u011f\u00fcnde 1974 y\u0131l\u0131nda ba\u015flam\u0131\u015f ve \u201cIs\u0131cam\u201d markas\u0131 ile pazara sunulmu\u015ftur.<\/p>\n<p>Is\u0131cam Sistemleri, \u015ei\u015fecam D\u00fczcam taraf\u0131ndan d\u00fczenli olarak denetlenen Is\u0131cam Yetkili \u00dcreticileri taraf\u0131ndan \u00fcretilir.<\/p>\n<p>Is\u0131cam, \u0131s\u0131 kay\u0131plar\u0131n\u0131 tek cama g\u00f6re %50 azaltmaktad\u0131r. Ancak bunun da \u00f6tesine ge\u00e7mek, camla daha fazla yal\u0131t\u0131m ve enerji tasarrufu sa\u011flamak amac\u0131yla Low-E kaplamal\u0131 camlar geli\u015ftirilmi\u015ftir. \u015ei\u015fecam D\u00fczcam\u2019\u0131n \u0131s\u0131 kontrol kaplamal\u0131 yal\u0131t\u0131m camlar\u0131 Is\u0131cam Sistemleri S Serisi markas\u0131 ile pazara sunulmaktad\u0131r.<\/p>\n<p>Is\u0131cam Sistemleri S Serisi, \u0131s\u0131 kontrol \u00f6zelli\u011fi sayesinde \u0131s\u0131 kay\u0131plar\u0131n\u0131 s\u0131radan \u00e7ift cama g\u00f6re %50 azaltmaktad\u0131r. B\u00f6ylece \u0131s\u0131nmak i\u00e7in harcanan enerji azalt\u0131larak yak\u0131t masraflar\u0131ndan tasarruf sa\u011flanmaktad\u0131r.<\/p>\n<p>D\u00f6rt mevsimi bir arada ya\u015fayan T\u00fcrkiye\u2019de, k\u0131\u015f\u0131n so\u011fuktan korunmak kadar, yaz\u0131n da s\u0131caktan korunmak \u00f6nemlidir. \u015ei\u015fecam D\u00fczcam\u2019\u0131n \u0131s\u0131 ve g\u00fcne\u015f kontrol kaplamal\u0131 yal\u0131t\u0131m camlar\u0131 Is\u0131cam Sistemleri K Serisi markas\u0131 ile pazara sunulmaktad\u0131r. Is\u0131cam Sistemleri K Serisi, s\u0131radan \u00e7ift cama g\u00f6re \u0131s\u0131 kayb\u0131n\u0131 %50, g\u00fcne\u015f \u0131s\u0131s\u0131 giri\u015fini %40 azaltarak k\u0131\u015f\u0131n yak\u0131t, yaz\u0131n da klima masraflar\u0131ndan tasarruf sa\u011flamaktad\u0131r.<\/p>\n<p>\u00c7ift camda en iyi \u0131s\u0131 yal\u0131t\u0131m\u0131;<\/p>\n<ul>\n<li>Is\u0131cam S, Is\u0131cam S 3+, Is\u0131cam K veya Is\u0131cam K 3+ kullan\u0131lmas\u0131,<\/li>\n<li>Ara bo\u015fluk geni\u015fli\u011finin 16 mm olmas\u0131,<\/li>\n<li>Ara bo\u015flu\u011fa hava yerine argon gaz\u0131 doldurulmas\u0131 durumlar\u0131nda sa\u011flanabilmektedir.<\/li>\n<\/ul>\n<p>[\/vc_column_text]\t\t<\/div>\n\t<\/div>\n<\/div><h4 class=\"edgtf-accordion-title\">\n\t<span class=\"edgtf-accordion-width\">\n\t\t<span class=\"edgtf-tab-title\">Buzlu camlar\u0131 nerelerde kullanabilirim?<\/span>\n\t\t<span class=\"edgtf-accordion-mark\">\n\t\t\t<span class=\"edgtf_icon_plus lnr lnr-cross\"><\/span>\n\t\t<\/span>\n\t<\/span>\n<\/h4>\n<div class=\"edgtf-accordion-content\">\n\t<div class=\"edgtf-accordion-content-inner\">\n\t\t<div class=\"edgtf-accordion-width\">\n\t\t\t[vc_column_text]\u015ei\u015fecam Buzlu Cam, konut ve ticari binalarda t\u00fcm dekoratif y\u00fczeyler i\u00e7in kullan\u0131ma uygundur. Ayd\u0131nl\u0131\u011f\u0131n ve gizlili\u011fin arzu edildi\u011fi pencere ve kap\u0131larda kullan\u0131lmas\u0131 tavsiye edilir. Ba\u015fl\u0131ca kullan\u0131m alanlar\u0131: Pencereler, Mobilya ve Dolap kapaklar\u0131, \u0130\u00e7 Kap\u0131lar, Du\u015fkabini, Ara B\u00f6lmeler, Raflar.[\/vc_column_text]\t\t<\/div>\n\t<\/div>\n<\/div><h4 class=\"edgtf-accordion-title\">\n\t<span class=\"edgtf-accordion-width\">\n\t\t<span class=\"edgtf-tab-title\">Aynan\u0131n Flotal oldu\u011funu nas\u0131l anlayabilirim?<\/span>\n\t\t<span class=\"edgtf-accordion-mark\">\n\t\t\t<span class=\"edgtf_icon_plus lnr lnr-cross\"><\/span>\n\t\t<\/span>\n\t<\/span>\n<\/h4>\n<div class=\"edgtf-accordion-content\">\n\t<div class=\"edgtf-accordion-content-inner\">\n\t\t<div class=\"edgtf-accordion-width\">\n\t\t\t[vc_column_text]Aynalar\u0131n arkas\u0131nda Flotal yaz\u0131s\u0131 yaz\u0131lmaktad\u0131r. Ayr\u0131ca numune yollanarak aynan\u0131z\u0131n Flotal olup olmad\u0131\u011f\u0131 \u015ei\u015fecam taraf\u0131ndan test edilebilir.[\/vc_column_text]\t\t<\/div>\n\t<\/div>\n<\/div><\/div>[\/vc_column][\/vc_row][vc_row][vc_column][vc_empty_space][\/vc_column][\/vc_row]<\/p>\n","protected":false},"excerpt":{"rendered":"<p>[vc_row row_content_width=&#8221;grid&#8221; css=&#8221;.vc_custom_1511525133918{padding-top: 100px !important;padding-bottom: 59px !important;}&#8221;][vc_column offset=&#8221;vc_col-lg-4 vc_col-md-12 vc_col-xs-12&#8243;][\/vc_column][vc_column offset=&#8221;vc_col-lg-8 vc_col-md-12 vc_col-xs-12&#8243;][\/vc_column][\/vc_row][vc_row row_content_width=&#8221;grid&#8221; disable_background_image=&#8221;&#8221; content_text_aligment=&#8221;right&#8221; simple_background_image=&#8221;50&#8243; css=&#8221;.vc_custom_1510323264024{margin-top: 40px !important;margin-bottom: 40px !important;}&#8221;][vc_column offset=&#8221;vc_col-lg-5 vc_col-md-12 vc_col-xs-12&#8243;][\/vc_column][vc_column css=&#8221;.vc_custom_1511255202935{margin-top: -40px !important;margin-bottom: -40px !important;}&#8221; offset=&#8221;vc_col-lg-7 vc_col-md-12 vc_col-xs-12&#8243;][\/vc_column][\/vc_row][vc_row css=&#8221;.vc_custom_1632228530540{padding-top: 35px !important;padding-bottom: 35px !important;}&#8221;][vc_column][\/vc_column][\/vc_row][vc_row row_content_width=&#8221;grid&#8221; css=&#8221;.vc_custom_1632228651832{padding-bottom: 20px !important;}&#8221;][vc_column][vc_masonry_media_grid grid_id=&#8221;vc_gid:1633336885851-e865d93a-a481-9&#8243; include=&#8221;3879,3878,3877,3876,3875,3874,3873,3872,3871&#8243;][vc_separator border_width=&#8221;3&#8243; [&hellip;]<\/p>\n","protected":false},"author":1,"featured_media":0,"parent":0,"menu_order":0,"comment_status":"closed","ping_status":"closed","template":"full-width.php","meta":{"footnotes":""},"class_list":["post-3517","page","type-page","status-publish","hentry"],"_links":{"self":[{"href":"https:\/\/www.dogancam.com\/index.php?rest_route=\/wp\/v2\/pages\/3517","targetHints":{"allow":["GET"]}}],"collection":[{"href":"https:\/\/www.dogancam.com\/index.php?rest_route=\/wp\/v2\/pages"}],"about":[{"href":"https:\/\/www.dogancam.com\/index.php?rest_route=\/wp\/v2\/types\/page"}],"author":[{"embeddable":true,"href":"https:\/\/www.dogancam.com\/index.php?rest_route=\/wp\/v2\/users\/1"}],"replies":[{"embeddable":true,"href":"https:\/\/www.dogancam.com\/index.php?rest_route=%2Fwp%2Fv2%2Fcomments&post=3517"}],"version-history":[{"count":0,"href":"https:\/\/www.dogancam.com\/index.php?rest_route=\/wp\/v2\/pages\/3517\/revisions"}],"wp:attachment":[{"href":"https:\/\/www.dogancam.com\/index.php?rest_route=%2Fwp%2Fv2%2Fmedia&parent=3517"}],"curies":[{"name":"wp","href":"https:\/\/api.w.org\/{rel}","templated":true}]}}