{"id":4256,"date":"2021-09-23T16:37:24","date_gmt":"2021-09-23T13:37:24","guid":{"rendered":"https:\/\/www.dogancambodrum.com.tr\/?page_id=4256"},"modified":"2021-10-09T13:16:57","modified_gmt":"2021-10-09T10:16:57","slug":"hakkimizda","status":"publish","type":"page","link":"https:\/\/www.dogancam.com\/?page_id=4256","title":{"rendered":"Hakk\u0131m\u0131zda"},"content":{"rendered":"<p>[vc_row css=&#8221;.vc_custom_1632405344117{border-top-width: 60px !important;padding-right: 60px !important;padding-bottom: 60px !important;padding-left: 60px !important;}&#8221;][vc_column width=&#8221;1\/2&#8243;][vc_column_text]<strong>Hakk\u0131m\u0131zda<\/strong><\/p>\n<p>1991 y\u0131l\u0131nda Bodrum&#8217;da yakla\u015f\u0131k 25 metrekarelik bir alanda kurulan Do\u011fan Cam, \u015fu anda 6000 metrekarelik bir alanda faaliyet g\u00f6stermektedir. M\u00fc\u015fteri memnuniyeti odakl\u0131 profesyonel \u00e7\u00f6z\u00fcmler \u00fcreten g\u00fcler y\u00fczl\u00fc ekibi ve geni\u015f makine parkuruyla, cam konusunda Mu\u011fla b\u00f6lgesinde lider durumdad\u0131r.<\/p>\n<p>Bodrum&#8217;da say\u0131s\u0131z ev, site ve i\u015fyerinin cam i\u015flerini ba\u015far\u0131yla tamamlayan ve zengin bir referans listesine sahip olan Do\u011fan Cam, sekt\u00f6r\u00fc ile ilgili her t\u00fcrl\u00fc ihtiyaca istenilen zamanda cevap verebilecek kapasitede, g\u00fcn ge\u00e7tik\u00e7e kurumsalla\u015farak b\u00fcy\u00fcyen modern bir tesistir.<\/p>\n<p>4-19 mm aras\u0131ndaki t\u00fcm kal\u0131nl\u0131k ve ebatlardaki camlar i\u00e7in, tam otomatik cnc kesim masas\u0131, d\u00fczcam temperleme hatt\u0131, laminasyon hatt\u0131, \u0131s\u0131cam kapama robotu, kristal cam bombe makinesi, yatay ve dikey y\u0131kama hatlar\u0131, bizote makinesi, cam ve ayna i\u015fleme makineleri, d\u00fczcam kumlama hatt\u0131, d\u00fcz ve yuvarlak camlar i\u00e7in rodaj makineleri, \u0131s\u0131cam klasik ve \u0131s\u0131cam konfor i\u00e7in s\u0131y\u0131rma, \u00e7\u0131ta, press, butil, tiakol hatt\u0131 gibi cam teknolojisinin en iyi makine ve te\u00e7hizatlar\u0131n\u0131 b\u00fcnyemizde bar\u0131nd\u0131rmaktay\u0131z.[\/vc_column_text][\/vc_column][vc_column width=&#8221;1\/2&#8243;][vc_single_image image=&#8221;3818&#8243; img_size=&#8221;large&#8221; alignment=&#8221;center&#8221; style=&#8221;vc_box_shadow_border&#8221;][\/vc_column][\/vc_row][vc_row][vc_column][vc_cta h2=&#8221;&#8221;]Do\u011fan Cam, T\u00fcrkiye\u2019nin en b\u00fcy\u00fck cam \u00fcreticisi T\u00fcrkiye \u015ei\u015fe ve Cam Fabrikalar\u0131n\u0131n yetkili bayii ve \u00fcretici firmas\u0131d\u0131r. Dal\u0131nda d\u00fcnya liderlerinden biri olan \u015ei\u015fecam markas\u0131n\u0131n verdi\u011fi \u00f6zg\u00fcven i\u00e7erisinde, siz de\u011ferli m\u00fc\u015fterilerine en \u00fcst d\u00fczey kalitede hizmet sunmaktan onur duyar.[\/vc_cta][\/vc_column][\/vc_row][vc_row css=&#8221;.vc_custom_1632405344117{border-top-width: 60px !important;padding-right: 60px !important;padding-bottom: 60px !important;padding-left: 60px !important;}&#8221;][vc_column width=&#8221;1\/2&#8243;][vc_single_image image=&#8221;3813&#8243; img_size=&#8221;large&#8221; alignment=&#8221;center&#8221; style=&#8221;vc_box_shadow_border&#8221;][\/vc_column][vc_column width=&#8221;1\/2&#8243;][vc_column_text]<em><strong>Vizyonumuz<\/strong><\/em><\/p>\n<p>M\u00fc\u015fteri hizmetleri ve ili\u015fkileri y\u00f6netimini ve altyap\u0131m\u0131z\u0131 s\u00fcrekli geli\u015ftirmek.<br \/>\nSekt\u00f6r\u00fcm\u00fczle ba\u011flant\u0131l\u0131 yeniliklere ve geli\u015fmelere a\u00e7\u0131k olmak.<br \/>\nSekt\u00f6rde kendisini geli\u015ftirmek isteyen \u00e7al\u0131\u015fanlar\u0131n e\u011fitimlerini vermek ve gereken katk\u0131y\u0131 sa\u011flamak.<\/p>\n<p><em><strong>Misyonumuz<\/strong><\/em><\/p>\n<p>Bodrum\u2019da s\u00fcrekli takdir g\u00f6ren markam\u0131z\u0131 daha \u00fcst seviyelere ta\u015f\u0131yabilmek ve sayg\u0131nl\u0131\u011f\u0131m\u0131z\u0131 en iyi \u015fekilde temsil etmek.<\/p>\n<p><em><strong>\u00c7evre Politikam\u0131z<\/strong><\/em><\/p>\n<p>\u0130stikrarl\u0131 bir ekonomik hayat\u0131n sa\u011fl\u0131kl\u0131 bir toplumla yakalanaca\u011f\u0131 bilinci ile hareket eden Do\u011fan Cam; t\u00fcm faaliyetlerini \u00e7evrenin ve \u00e7evre sa\u011fl\u0131\u011f\u0131n\u0131n korunmas\u0131na y\u00f6nelik tedbirleri alarak uygulamakta ve uygulatmaktad\u0131r.[\/vc_column_text][\/vc_column][\/vc_row]<\/p>\n","protected":false},"excerpt":{"rendered":"<p>[vc_row css=&#8221;.vc_custom_1632405344117{border-top-width: 60px !important;padding-right: 60px !important;padding-bottom: 60px !important;padding-left: 60px !important;}&#8221;][vc_column width=&#8221;1\/2&#8243;][vc_column_text]Hakk\u0131m\u0131zda 1991 y\u0131l\u0131nda Bodrum&#8217;da yakla\u015f\u0131k 25 metrekarelik bir alanda kurulan Do\u011fan Cam, \u015fu anda 6000 metrekarelik bir alanda faaliyet g\u00f6stermektedir. M\u00fc\u015fteri memnuniyeti odakl\u0131 profesyonel \u00e7\u00f6z\u00fcmler \u00fcreten g\u00fcler y\u00fczl\u00fc ekibi ve geni\u015f makine parkuruyla, cam konusunda [&hellip;]<\/p>\n","protected":false},"author":1,"featured_media":0,"parent":0,"menu_order":0,"comment_status":"closed","ping_status":"closed","template":"full-width.php","meta":{"footnotes":""},"class_list":["post-4256","page","type-page","status-publish","hentry"],"_links":{"self":[{"href":"https:\/\/www.dogancam.com\/index.php?rest_route=\/wp\/v2\/pages\/4256","targetHints":{"allow":["GET"]}}],"collection":[{"href":"https:\/\/www.dogancam.com\/index.php?rest_route=\/wp\/v2\/pages"}],"about":[{"href":"https:\/\/www.dogancam.com\/index.php?rest_route=\/wp\/v2\/types\/page"}],"author":[{"embeddable":true,"href":"https:\/\/www.dogancam.com\/index.php?rest_route=\/wp\/v2\/users\/1"}],"replies":[{"embeddable":true,"href":"https:\/\/www.dogancam.com\/index.php?rest_route=%2Fwp%2Fv2%2Fcomments&post=4256"}],"version-history":[{"count":0,"href":"https:\/\/www.dogancam.com\/index.php?rest_route=\/wp\/v2\/pages\/4256\/revisions"}],"wp:attachment":[{"href":"https:\/\/www.dogancam.com\/index.php?rest_route=%2Fwp%2Fv2%2Fmedia&parent=4256"}],"curies":[{"name":"wp","href":"https:\/\/api.w.org\/{rel}","templated":true}]}}