{"id":4523,"date":"2022-01-12T13:37:27","date_gmt":"2022-01-12T10:37:27","guid":{"rendered":"https:\/\/www.dogancambodrum.com.tr\/?page_id=4523"},"modified":"2022-01-12T13:44:58","modified_gmt":"2022-01-12T10:44:58","slug":"cerez-politikasi","status":"publish","type":"page","link":"https:\/\/www.dogancam.com\/?page_id=4523","title":{"rendered":"\u00c7erez Politikas\u0131"},"content":{"rendered":"<p>[vc_row css=&#8221;.vc_custom_1641984295896{padding-top: 30px !important;padding-right: 50px !important;padding-bottom: 30px !important;padding-left: 50px !important;}&#8221;][vc_column][vc_column_text]<strong>\u00c7erez Politikas\u0131<\/strong><\/p>\n<p>Do\u011fan Cam (www.dogancambodrum.com.tr) bir\u00e7ok web sitesinde oldu\u011fu gibi ziyaret\u00e7ilerin web sitesini daha iyi ve rahat \u015fekilde kullan\u0131m\u0131n\u0131 sa\u011flamak amac\u0131yla \u00e7erez kullanmaktad\u0131r.<\/p>\n<p>\u0130\u015fbu \u00c7erez Politikas\u0131 web sitesi ziyaret\u00e7ilerini \u00e7erezin tan\u0131m\u0131, \u00e7erez t\u00fcrleri, www.dogancambodrum.com.tr taraf\u0131ndan kullan\u0131lan \u00e7erezler ve \u00e7erez tercihlerinin nas\u0131l y\u00f6netilebilece\u011fi konular\u0131nda bilgilendirmek amac\u0131yla haz\u0131rlanm\u0131\u015ft\u0131r. Web sitesinde yer alan \u00e7erez kullan\u0131m uyar\u0131s\u0131n\u0131n kapat\u0131lmas\u0131 ya da web sitesi kullan\u0131m\u0131na devam edilmesi halinde \u00e7erezlere onay verildi\u011fi kabul edilir.<\/p>\n<p>\u00c7erez kullan\u0131m\u0131 onaylanm\u0131yorsa web sitesine devam edilmemesi ya da taray\u0131c\u0131dan \u00e7erez tercihlerinin de\u011fi\u015ftirilmesi gerekmektedir. \u00c7erezlere izin verilmemesi halinde web sitesinde birtak\u0131m aksakl\u0131klar ya\u015fanabilecektir.<\/p>\n<p><strong>\u00c7EREZ (\u201cCOOKIE\u201d) NED\u0130R?<\/strong><\/p>\n<p>\u00c7erez, bir web sitesi ziyaret edildi\u011finde kullan\u0131lan bilgisayarda ya da mobil cihazda veya a\u011f sunucusunda depolanan k\u00fc\u00e7\u00fck metin dosyalar\u0131d\u0131r. Bu dosyalarda; giri\u015f yap\u0131lan IP adresi, oturum bilgileri, eri\u015filen sayfalar vb. veriler saklan\u0131r. \u00c7erezler, ad ve soyad\u0131, telefon numaras\u0131 ya da adres gibi verileri i\u00e7ermez. \u00c7erezler sayesinde kullan\u0131c\u0131n\u0131n web sitesi tercihleri hat\u0131rlanabilir, oturumun a\u00e7\u0131k tutulmas\u0131 sa\u011flanabilir ya da kullan\u0131c\u0131n\u0131n ilgisi do\u011frultusunda i\u00e7erek sunulabilir.<\/p>\n<p>&nbsp;<\/p>\n<p><strong>\u00c7EREZ (\u201cCOOKIE\u201d) NEDEN KULLANILMAKTADIR?<\/strong><\/p>\n<p>\u0130nternet Sitemizde \u00e7erez kullan\u0131lmas\u0131n\u0131n ba\u015fl\u0131ca ama\u00e7lar\u0131 a\u015fa\u011f\u0131da s\u0131ralanmaktad\u0131r:<\/p>\n<ul>\n<li>\u0130nternet sitesinin i\u015flevselli\u011fini ve performans\u0131n\u0131 artt\u0131rmak yoluyla kullan\u0131c\u0131lara sunulan hizmetleri geli\u015ftirmek,<\/li>\n<li>\u0130nternet Sitesini iyile\u015ftirmek ve \u0130nternet Sitesi \u00fczerinden yeni \u00f6zellikler sunmak ve sunulan \u00f6zellikleri kullan\u0131c\u0131lar\u0131n tercihlerine g\u00f6re ki\u015fiselle\u015ftirmek;<\/li>\n<li>\u0130nternet Sitesinin, kullan\u0131c\u0131lar\u0131n ve \u015eirketimizin hukuki ve ticari g\u00fcvenli\u011finin teminini sa\u011flamak.<\/li>\n<\/ul>\n<p><strong>\u00c7EREZ T\u00dcRLER\u0130<\/strong><\/p>\n<p>\u00c7erezler depolanma s\u00fcreleri ve kimin taraf\u0131ndan yerle\u015ftirildikleri gibi kriterlere g\u00f6re farkl\u0131 t\u00fcrlere ayr\u0131lmaktad\u0131r. Bu kriterler kapsam\u0131nda temel ayr\u0131m \u015fu \u015fekildedir:<\/p>\n<p><strong>Oturum \u00c7erezleri\/Kal\u0131c\u0131 \u00c7erezler:<\/strong> Oturum \u00e7erezleri, ge\u00e7ici \u00e7erezler olup taray\u0131c\u0131y\u0131 kapatt\u0131ktan sonra cihazdan silinirler. Bu \u00e7erezlerin kullan\u0131lmas\u0131n\u0131n temel amac\u0131 kullan\u0131c\u0131n\u0131n ziyareti s\u00fcresince web sitesinin d\u00fczg\u00fcn bir \u015fekilde \u00e7al\u0131\u015fmas\u0131n\u0131 sa\u011flamakt\u0131r. Kal\u0131c\u0131 \u00e7erezler ise taray\u0131c\u0131y\u0131 kapatt\u0131ktan sonra da ziyaret\u00e7i taraf\u0131ndan silininceye ya da s\u00fcresi doluncaya dek cihazda kalmaya devam ederler. Kal\u0131c\u0131 \u00e7erezler sayesinde \u0130nternet Sitemizin ayn\u0131 cihazla tekrardan ziyaret edilmesi durumunda, kullan\u0131c\u0131n\u0131n cihaz\u0131nda \u0130nternet Sitemiz taraf\u0131ndan olu\u015fturulmu\u015f bir \u00e7erez olup olmad\u0131\u011f\u0131 kontrol edilir ve var ise, o kullan\u0131c\u0131n\u0131n siteyi daha \u00f6nce ziyaret etti\u011fi anla\u015f\u0131l\u0131r ve iletilecek i\u00e7erik bu do\u011frultuda belirlenir, b\u00f6ylelikle kullan\u0131c\u0131lara daha iyi bir hizmet sunulur.<\/p>\n<p><strong>Birinci Taraf\/\u00dc\u00e7\u00fcnc\u00fc Taraf \u00c7erezler:<\/strong> Birinci taraf \u00e7erezler ziyaret edilen web sitesi operat\u00f6r\u00fc taraf\u0131ndan cihaza yerle\u015ftirilen \u00e7erezlerdir. \u00dc\u00e7\u00fcnc\u00fc taraf \u00e7erezler ise ziyaret edilen web sitesi operat\u00f6r\u00fc d\u0131\u015f\u0131ndaki ki\u015filer taraf\u0131ndan cihaza yerle\u015ftirilen ve kontrol edilen \u00e7erezlerdir.<\/p>\n<p><strong>HANG\u0130 \u00c7EREZLER KULLANILMAKTADIR?<\/strong><\/p>\n<p>www.dogancambodrum.com.tr Ki\u015fisel Verilerin Korunmas\u0131 Hakk\u0131nda Ayd\u0131nlatma ve Politikalara uygun olarak farkl\u0131 t\u00fcrde \u00e7erezler kullanmaktad\u0131r.<\/p>\n<p>&nbsp;<\/p>\n<p><strong>Zorunlu \u00c7erezler:<\/strong> Web sitesinin do\u011fru bir \u015fekilde \u00e7al\u0131\u015fmas\u0131n\u0131 sa\u011flayan ve \u00f6zelliklerini kullanman\u0131za imk\u00e2n veren teknik \u00e7erezlerdir. Oturum \u00e7erezi kategorisinde yer al\u0131rlar. Bu \u00e7erezlerin engellenmesi halinde web sitesi \u00f6zelliklerinin kullan\u0131lamamas\u0131 sonucu do\u011far. Zorunlu \u00e7erezlerin kullan\u0131m\u0131 i\u00e7in ziyaret\u00e7ilerimizin onay\u0131 gerekmemektedir.<\/p>\n<p>&nbsp;<\/p>\n<p><strong>Analitik \u00c7erezler:<\/strong> www.dogancambodrum.com.tr web sitesi deneyiminizi iyile\u015ftirmek amac\u0131yla analitik \u00e7erezler kullanmaktad\u0131r. Analitik \u00e7erezler, ziyaret\u00e7ilerimizin web sitesi nas\u0131l kulland\u0131\u011f\u0131n\u0131 (\u00f6rn; hangi sayfalar\u0131 ziyaret etti\u011fini, ziyaret s\u00fcresini vb.) anlamam\u0131z\u0131 sa\u011flar. B\u00f6ylelikle www.dogancambodrum.com.tr sundu\u011fu i\u00e7erikleri geli\u015ftirebilir ya da web sitesi tasar\u0131m\u0131n\u0131 de\u011fi\u015ftirebilir.<\/p>\n<p>&nbsp;<\/p>\n<p><strong>\u0130\u015flevsellik \u00c7erezleri:<\/strong> Web sitesini tekrar ziyaret etti\u011finizde dil tercihlerinizin, b\u00f6lge se\u00e7iminizin vb. hat\u0131rlanmas\u0131na olanak sa\u011flar.<\/p>\n<p>&nbsp;<\/p>\n<p><strong>Hedefleme\/Reklam \u00c7erezleri:<\/strong> www.dogancambodrum.com.tr web sitesinde hedefleme ve reklam amac\u0131yla farkl\u0131 birinci taraf ve \u00fc\u00e7\u00fcnc\u00fc taraf \u00e7erezler kullanmaktad\u0131r. Bu \u00e7erezlerin taray\u0131c\u0131n\u0131n ayarlar\u0131n\u0131n de\u011fi\u015ftirilerek engellenmesi m\u00fcmk\u00fcnd\u00fcr.<\/p>\n<p>&nbsp;<\/p>\n<p><strong>\u00c7erezleri Nas\u0131l Kontrol Edebilirsiniz?<\/strong><\/p>\n<p>\u00c7erezleri diledi\u011finiz gibi kontrol edebilir veya silebilirsiniz. Cihaz\u0131n\u0131zda halihaz\u0131rda bulunan \u00e7erezleri silmenin yan\u0131 s\u0131ra cihaz\u0131n\u0131za \u00e7erez kaydedilmesini de engelleyebilirsiniz. Ancak \u00e7erezleri siler ya da devre d\u0131\u015f\u0131 b\u0131rak\u0131rsan\u0131z, hesab\u0131n\u0131z\u0131 tan\u0131yamayaca\u011f\u0131m\u0131z ve ili\u015fkilendiremeyece\u011fimiz i\u00e7in Do\u011fan Cam sitelerindeki baz\u0131 \u00f6zelliklerin ve hizmetlerin d\u00fczg\u00fcn \u00e7al\u0131\u015fmayaca\u011f\u0131n\u0131 hat\u0131rlatmak isteriz.<\/p>\n<p>&nbsp;<\/p>\n<p>Bir\u00e7ok internet taray\u0131c\u0131s\u0131 a\u015fa\u011f\u0131dakileri yapman\u0131za olanak tan\u0131r:<\/p>\n<p>&nbsp;<\/p>\n<ul>\n<li>Kaydedilmi\u015f \u00e7erezleri g\u00f6r\u00fcnt\u00fcleme ve dilediklerinizi silme.<\/li>\n<li>\u00dc\u00e7\u00fcnc\u00fc taraf \u00e7erezleri engelleme.<\/li>\n<li>Belli sitelerden \u00e7erezleri engelleme.<\/li>\n<li>T\u00fcm \u00e7erezleri engelleme.<\/li>\n<li>\u0130nternet taray\u0131c\u0131s\u0131n\u0131 kapatt\u0131\u011f\u0131n\u0131zda t\u00fcm \u00e7erezleri silme.<\/li>\n<\/ul>\n<p>A\u015fa\u011f\u0131da farkl\u0131 internet taray\u0131c\u0131lar\u0131 \u00fczerinden \u00e7erezlerin kullan\u0131lmas\u0131n\u0131 engellemek i\u00e7in hangi ad\u0131mlar\u0131n izlenmesi gerekti\u011fine ili\u015fkin bilgiler yer almaktad\u0131r:<\/p>\n<p>&nbsp;<\/p>\n<p><strong>Google Chrome<\/strong><\/p>\n<ul>\n<li>Bilgisayar\u0131n\u0131zda Chrome\u2019u a\u00e7\u0131n.<\/li>\n<li>Sa\u011f \u00fcstte Di\u011fer Ayarlar\u2019\u0131 t\u0131klay\u0131n.<\/li>\n<li>Altta Geli\u015fmi\u015f\u2018i t\u0131klay\u0131n.<\/li>\n<li>\u201cGizlilik ve g\u00fcvenlik\u201din alt\u0131nda \u0130\u00e7erik ayarlar\u0131\u2018n\u0131 t\u0131klay\u0131n.<\/li>\n<li>\u00c7erezler\u2018i t\u0131klay\u0131n.<\/li>\n<li>\u201cT\u00fcm \u00e7erezler ve site verileri\u201dnin alt\u0131nda internet sitesi\u2019nin ad\u0131n\u0131 aray\u0131n.<\/li>\n<li>Sitenin sa\u011f\u0131ndaki Kald\u0131r simgesini t\u0131klay\u0131n.<\/li>\n<\/ul>\n<p><strong>Mozilla Firefox<\/strong><\/p>\n<ul>\n<li>Firefox Men\u00fc d\u00fc\u011fmesine t\u0131klay\u0131n ve Se\u00e7enekler\u2019i se\u00e7in.<\/li>\n<li>Gizlilik ve G\u00fcvenlik panelini se\u00e7in ve Ge\u00e7mi\u015f b\u00f6l\u00fcm\u00fcne gidin.<\/li>\n<li>Firefox ayar\u0131n\u0131 ge\u00e7mi\u015f i\u00e7in \u00f6zel ayarlar\u0131 kullans\u0131n olarak de\u011fi\u015ftirin.<\/li>\n<li>\u00c7erezleri g\u00f6ster\u2026 d\u00fc\u011fmesine t\u0131klay\u0131n. \u00c7erezler penceresi g\u00f6r\u00fcnecektir.<\/li>\n<li>Arama: alan\u0131na, \u00e7erezlerini silmek istedi\u011finiz sitenin ad\u0131n\u0131 yaz\u0131n. Araman\u0131zla e\u015fle\u015fen \u00e7erezler g\u00f6r\u00fcnt\u00fclenecektir.<\/li>\n<li>Silmek istedi\u011finiz \u00e7erez(ler)i se\u00e7ip Se\u00e7ilenleri sil d\u00fc\u011fmesine t\u0131klay\u0131n.<\/li>\n<li>Kapat d\u00fc\u011fmesine t\u0131klayarak \u00c7erezler penceresini kapat\u0131n. Sonra da about:preferences sayfas\u0131n\u0131 kapat\u0131n.<\/li>\n<\/ul>\n<p><strong>Safari<\/strong><\/p>\n<ul>\n<li>Safari &gt; Tercihler\u2019i se\u00e7in.<\/li>\n<li>Gizlilik \u00f6\u011fesini t\u0131klay\u0131n.<\/li>\n<li>\u0130nternet Sitesi Verilerini t\u0131klay\u0131n<\/li>\n<li>Bir veya daha fazla internet sitesi se\u00e7in ve sonra Sil veya T\u00fcm\u00fcn\u00fc Sil\u2019e t\u0131klay\u0131n.<\/li>\n<\/ul>\n<p><strong>Internet Explorer<\/strong><\/p>\n<ul>\n<li>Masa\u00fcst\u00fcn\u00fc a\u00e7\u0131n ve g\u00f6rev \u00e7ubu\u011funda Internet Explorer simgesine dokunun veya t\u0131klay\u0131n.<\/li>\n<li>Ara\u00e7lar d\u00fc\u011fmesine ve \u0130nternet se\u00e7enekleri\u2018ne dokunun veya t\u0131klay\u0131n.<\/li>\n<li>Gizlilik sekmesine dokunun veya t\u0131klay\u0131n, ard\u0131ndan t\u00fcm tan\u0131mlama bilgilerini engellemek i\u00e7in Ayarlar\u2018\u0131n alt\u0131nda bulunan kayd\u0131r\u0131c\u0131y\u0131 yukar\u0131ya hareket ettirin ve Tamam d\u00fc\u011fmesine dokunun veya t\u0131klay\u0131n.<\/li>\n<\/ul>\n<p><u>Di\u011fer taray\u0131c\u0131larda \u00e7erez tercihlerini y\u00f6netmek i\u00e7in ilgili taray\u0131c\u0131n\u0131n yard\u0131m veya destek sayfas\u0131 incelenebilir.<\/u><\/p>\n<p>[\/vc_column_text][\/vc_column][\/vc_row]<\/p>\n","protected":false},"excerpt":{"rendered":"<p>[vc_row css=&#8221;.vc_custom_1641984295896{padding-top: 30px !important;padding-right: 50px !important;padding-bottom: 30px !important;padding-left: 50px !important;}&#8221;][vc_column][vc_column_text]\u00c7erez Politikas\u0131 Do\u011fan Cam (www.dogancambodrum.com.tr) bir\u00e7ok web sitesinde oldu\u011fu gibi ziyaret\u00e7ilerin web sitesini daha iyi ve rahat \u015fekilde kullan\u0131m\u0131n\u0131 sa\u011flamak amac\u0131yla \u00e7erez kullanmaktad\u0131r. \u0130\u015fbu \u00c7erez Politikas\u0131 web sitesi ziyaret\u00e7ilerini \u00e7erezin tan\u0131m\u0131, \u00e7erez t\u00fcrleri, www.dogancambodrum.com.tr taraf\u0131ndan kullan\u0131lan [&hellip;]<\/p>\n","protected":false},"author":1,"featured_media":0,"parent":0,"menu_order":0,"comment_status":"closed","ping_status":"closed","template":"full-width.php","meta":{"footnotes":""},"class_list":["post-4523","page","type-page","status-publish","hentry"],"_links":{"self":[{"href":"https:\/\/www.dogancam.com\/index.php?rest_route=\/wp\/v2\/pages\/4523","targetHints":{"allow":["GET"]}}],"collection":[{"href":"https:\/\/www.dogancam.com\/index.php?rest_route=\/wp\/v2\/pages"}],"about":[{"href":"https:\/\/www.dogancam.com\/index.php?rest_route=\/wp\/v2\/types\/page"}],"author":[{"embeddable":true,"href":"https:\/\/www.dogancam.com\/index.php?rest_route=\/wp\/v2\/users\/1"}],"replies":[{"embeddable":true,"href":"https:\/\/www.dogancam.com\/index.php?rest_route=%2Fwp%2Fv2%2Fcomments&post=4523"}],"version-history":[{"count":0,"href":"https:\/\/www.dogancam.com\/index.php?rest_route=\/wp\/v2\/pages\/4523\/revisions"}],"wp:attachment":[{"href":"https:\/\/www.dogancam.com\/index.php?rest_route=%2Fwp%2Fv2%2Fmedia&parent=4523"}],"curies":[{"name":"wp","href":"https:\/\/api.w.org\/{rel}","templated":true}]}}